a (base 12) to base 5.
2242
1110112 (base 3) to base 4
100223
What is 2542 (base 6) in base 14?
338
77a9 (base 14) to base 13
9587
Convert -5505 (base 6) to base 3.
-1201212
Convert 177 (base 16) to base 14.
1cb
Convert 10311 (base 6) to base 7.
4054
What is -4537 (base 14) in base 13?
-5606
What is 11018 (base 11) in base 8?
37167
935 (base 12) to base 11
1006
Convert 8c (base 13) to base 14.
84
-651 (base 11) to base 10
-782
What is -12001222 (base 3) in base 16?
-e72
Convert -da05 (base 16) to base 7.
-321502
What is 1438 (base 11) in base 2?
11101000000
What is -2b (base 16) in base 8?
-53
What is 215 (base 11) in base 16?
102
What is -909 (base 14) in base 12?
-1039
Convert -b1a (base 14) to base 3.
-2222202
-36303 (base 8) to base 14
-5951
What is -213 (base 11) in base 3?
-100111
What is -6a (base 12) in base 11?
-75
645 (base 10) to base 12
459
Convert -6a3b (base 12) to base 15.
-37a5
What is 6184 (base 14) in base 13?
7836
What is 8816 (base 11) in base 8?
26561
13b2 (base 12) to base 14
b9c
16716 (base 8) to base 15
23da
What is -12345 (base 11) in base 10?
-17715
-212551 (base 7) to base 16
-9076
What is 7d97 (base 14) in base 9?
33021
What is -101010011 (base 2) in base 10?
-339
Convert 630 (base 7) to base 9.
380
What is 3756 (base 9) in base 12?
1759
What is -11011111101 (base 2) in base 3?
-2110021
What is -b2a (base 14) in base 4?
-202102
6574 (base 15) to base 3
1002110201
What is 231 (base 5) in base 15?
46
What is -1776 (base 8) in base 3?
-1101212
What is 10052 (base 14) in base 7?
220132
Convert 1310 (base 5) to base 2.
11001101
Convert -305 (base 7) to base 2.
-10011000
31300 (base 4) to base 14
46c
What is -110201 (base 3) in base 12?
-247
What is -504400 (base 6) in base 5?
-2234023
What is 2435 (base 6) in base 9?
735
Convert -31122 (base 4) to base 10.
-858
What is 16e (base 15) in base 12?
235
What is -11101100 (base 2) in base 10?
-236
What is 276 (base 13) in base 9?
533
Convert -cb (base 15) to base 16.
-bf
-3244 (base 5) to base 16
-1c1
What is -5a9b (base 14) in base 10?
-15817
What is -5a5 (base 14) in base 6?
-5113
-114340 (base 5) to base 6
-32041
Convert -70f (base 16) to base 2.
-11100001111
Convert 5a66 (base 12) to base 4.
2132232
Convert 221266 (base 7) to base 11.
27259
320b (base 14) to base 7
34114
What is -2cec (base 15) in base 8?
-22710
-11011101101 (base 2) to base 6
-12113
Convert -31a7 (base 15) to base 6.
-120351
What is -259 (base 12) in base 7?
-1020
Convert -3447 (base 15) to base 12.
-6504
What is 206 (base 8) in base 6?
342
11111111110011 (base 2) to base 8
37763
What is 30233210 (base 4) in base 5?
3132241
Convert 12a (base 15) to base 11.
221
-1290 (base 13) to base 15
-bbc
Convert 4998 (base 13) to base 4.
2203002
-1042 (base 6) to base 11
-200
Convert 3405 (base 6) to base 5.
11142
-100233 (base 4) to base 9
-1420
-5cac (base 14) to base 7
-65205
Convert 26827 (base 11) to base 7.
216363
What is 12066 (base 9) in base 11?
6085
What is 42a (base 15) in base 10?
940
120452 (base 7) to base 11
15457
What is 1010010001 (base 2) in base 3?
220100
What is 21525 (base 8) in base 7?
35241
What is -101111111111010 (base 2) in base 3?
-1020201000
Convert -1366 (base 7) to base 16.
-21a
What is 2452 (base 6) in base 5?
4413
-10011011111111 (base 2) to base 8
-23377
-110202 (base 3) to base 13
-206
What is 2020000 (base 3) in base 9?
2200
Convert 88160 (base 9) to base 5.
3332310
Convert -65224 (base 8) to base 12.
-13958
Convert -30325 (base 6) to base 3.
-12111122
What is -110010001101 (base 2) in base 12?
-1a39
Convert -1012111000 (base 3) to base 6.
-301343
Convert -2202112 (base 3) to base 8.
-3734
Convert -36653 (base 7) to base 5.
-301333
-188b1 (base 13) to base 9
-72305
Convert 63106 (base 7) to base 6.
155414
Convert 3113030 (base 4) to base 8.
32714
What is -224 (base 11) in base 16?
-10c
-1a63 (base 13) to base 11
-2a88
What is -254 (base 12) in base 10?
-352
Convert 22 (base 10) to base 12.
1a
Convert 1012 (base 3) to base 16.
20
2290 (base 10) to base 8
4362
Convert -306 (base 11) to base 15.
-199
-1011111 (base 3) to base 13
-505
Convert 5a5 (base 11) to base 10.
720
What is -1031 (base 4) in base 2?
-1001101
What is -17 (base 16) in base 13?
-1a
-eeb (base 16) to base 9
-5213
Convert -676 (base 9) to base 11.
-465
-101 (base 16) to base 6
-1105
Convert 132 (base 4) to base 16.
1e
Convert 44b (base 16) to base 11.
90a
Convert -60 (base 10) to base 5.
-220
What is 10b (base 14) in base 16?
cf
What is 41536 (base 7) in base 14?
3a1d
Convert -53e (base 15) to base 7.
-3311
11111101 (base 2) to base 14
141
Convert -2a5 (base 14) to base 11.
-449
Convert 420221 (base 5) to base 14.
5067
4112 (base 13) to base 15
29d2
-598 (base 14) to base 13
-679
5222 (base 6) to base 4
102032
What is 81 (base 14) in base 11?
a3
What is ab55 (base 12) in base 8?
44761
Convert 25458 (base 9) to base 7.
100661
Convert -25132 (base 9) to base 13.
-78b3
Convert 6c39 (base 15) to base 5.
1214004
-479 (base 15) to base 3
-1101120
Convert -1122111 (base 4) to base 11.
-4386
What is -4820 (base 9) in base 5?
-103312
What is 111212221 (base 3) in base 13?
47b9
Convert 10373 (base 13) to base 10.
29162
Convert -1 (base 13) to base 9.
-1
Convert 3056 (base 12) to base 7.
21210
Convert 122142 (base 6) to base 15.
3342
Convert -20303332 (base 4) to base 11.
-25133
What is -10100000010100 (base 2) in base 9?
-15060
What is 113331 (base 4) in base 3?
2002210
Convert -118 (base 13) to base 12.
-13a
What is 1100111 (base 2) in base 10?
103
What is 15 (base 14) in base 13?
16
1d32 (base 15) to base 8
14313
Convert 735 (base 11) to base 4.
31311
Convert -23a (base 15) to base 7.
-1321
170 (base 15) to base 6
1310
Convert 3003113 (base 5) to base 14.
13335
Convert -1020222 (base 3) to base 11.
-764
-101001110111 (base 2) to base 9
-3606
187 (base 12) to base 11
205
What is -122a (base 13) in base 6?
-15523
979 (base 15) to base 7
6144
What is -52101 (base 6) in base 15?
-20d4
What is 702 (base 12) in base 9?
1342
Convert 2246 (base 7) to base 6.
3442
35626 (base 10) to base 9
53774
-4524 (base 7) to base 13
-98a
-3150 (base 9) to base 11
-1813
Convert -41bc (base 14) to base 12.
-668a
What is b5b (base 12) in base 14?
863
What is 28579 (base 10) in base 7?
146215
Convert -1370c (base 14) to base 6.
-1010212
Convert -10a (base 12) to base 10.
-154
-15365 (base 8) to base 10
-6901
330b (base 12) to base 11
4256
What is 70 (base 9) in base 13?
4b
Convert -962 (base 12) to base 15.
-615
What is 1000111110001001 (base 2) in base 16?
8f89
Convert -2b84 (base 16) to base 10.
-11140
What is 340 (base 16) in base 10?
832
-1000111001 (base 2) to base 11
-478
-10c (base 15) to base 3
-22210
-452 (base 9) to base 15
-19b
-1712 (base 8) to base 11
-802
What is -2aa (base 13) in base 14?
-262
82ce (base 15) to base 9
41825
What is -53520 (base 7) in base 2?
-11001111101101
What is 3412 (base 5) in base 7?
1256
1000110100101 (base 2) to base 16
11a5
Convert 1030211 (base 4) to base 14.
1b01
Convert -24646 (base 10) to base 3.
-1020210211
What is -4404 (base 13) in base 15?
-2c13
What is e50 (base 16) in base 14?
149a
Convert -1004 (base 10) to base 5.
-13004
9577 (base 11) to base 12
73b8
Convert -114112 (base 5) to base 7.
-15325
11120010 (base 3) to base 5
101244
What is -1102222211 (base 3) in base 12?
-1454a
Convert 1310 (base 4) to base 11.
a6
Convert 1041202 (base 5) to base 10.
18302
What is 4a0 (base 11) in base 10?
594
What is -1110100011 (base 2) in base 13?
-568
What is -4388 (base 9) in base 7?
-12305
-12145 (base 10) to base 5
-342040
-1000101001 (base 2) to base 8
-1051
-3424 (base 5) to base 6
-2133
341 (base 16) to base 5
11313
What is b72 (base 15) in base 13?
1238
Convert 25ea (base 15) to base 8.
17637
1024 (base 13) to base 4
202303
What is -2d53 (base 16) in base 8?
-26523
What is 235 (base 16) in base 11?
474
-10110 (base 4) to base 10
-276
What is 100011111 (base 2) in base 3?
101122
What is -23 (base 9) in base 4?
-111
Convert 4b01 (base 12) to base 3.
102122201
What is -a85 (base 14) in base 3?
-2211221
Convert -bea (base 15) to base 9.
-3624
-52531 (base 6) to base 12
-4147
Convert 2011211222 (base 3) to base 10.
42902
What is 7324 (base 9) in base 4?
1103320
Convert -4401 (base 8) to base 9.
-3141
-104034